{"id":16,"date":"2024-12-04T09:45:02","date_gmt":"2024-12-04T09:45:02","guid":{"rendered":"https:\/\/youthful-moser.148-251-14-110.plesk.page\/?page_id=16"},"modified":"2025-01-07T14:50:22","modified_gmt":"2025-01-07T14:50:22","slug":"vorteile","status":"publish","type":"page","link":"https:\/\/www.moveup-ooe.at\/?page_id=16","title":{"rendered":"Vorteile"},"content":{"rendered":"\t\t<div data-elementor-type=\"wp-page\" data-elementor-id=\"16\" class=\"elementor elementor-16\" data-elementor-post-type=\"page\">\n\t\t\t\t<div class=\"elementor-element elementor-element-6e0a6138 e-flex e-con-boxed e-con e-parent\" data-id=\"6e0a6138\" data-element_type=\"container\">\n\t\t\t\t\t<div class=\"e-con-inner\">\n\t\t\t\t<div class=\"elementor-element elementor-element-694dcf59 elementor-widget__width-initial elementor-hidden-mobile elementor-widget elementor-widget-image\" data-id=\"694dcf59\" data-element_type=\"widget\" data-widget_type=\"image.default\">\n\t\t\t\t<div class=\"elementor-widget-container\">\n\t\t\t\t\t\t\t\t\t\t\t\t\t\t\t<img fetchpriority=\"high\" decoding=\"async\" width=\"800\" height=\"829\" src=\"https:\/\/www.moveup-ooe.at\/wp-content\/uploads\/2024\/12\/Pfeil_Header-1-988x1024.webp\" class=\"attachment-large size-large wp-image-406\" alt=\"\" srcset=\"https:\/\/www.moveup-ooe.at\/wp-content\/uploads\/2024\/12\/Pfeil_Header-1-988x1024.webp 988w, https:\/\/www.moveup-ooe.at\/wp-content\/uploads\/2024\/12\/Pfeil_Header-1-289x300.webp 289w, https:\/\/www.moveup-ooe.at\/wp-content\/uploads\/2024\/12\/Pfeil_Header-1-768x796.webp 768w, https:\/\/www.moveup-ooe.at\/wp-content\/uploads\/2024\/12\/Pfeil_Header-1.webp 1029w\" sizes=\"(max-width: 800px) 100vw, 800px\" \/>\t\t\t\t\t\t\t\t\t\t\t\t\t\t\t<\/div>\n\t\t\t\t<\/div>\n\t\t\t\t\t<\/div>\n\t\t\t\t<\/div>\n\t\t<div class=\"elementor-element elementor-element-5e53b5b5 e-flex e-con-boxed e-con e-parent\" data-id=\"5e53b5b5\" data-element_type=\"container\" data-settings=\"{&quot;background_background&quot;:&quot;classic&quot;}\">\n\t\t\t\t\t<div class=\"e-con-inner\">\n\t\t\t\t<div class=\"elementor-element elementor-element-f4f3dc6 elementor-absolute elementor-widget elementor-widget-menu-anchor\" data-id=\"f4f3dc6\" data-element_type=\"widget\" data-settings=\"{&quot;_position&quot;:&quot;absolute&quot;}\" data-widget_type=\"menu-anchor.default\">\n\t\t\t\t<div class=\"elementor-widget-container\">\n\t\t\t\t\t\t\t<div class=\"elementor-menu-anchor\" id=\"up\"><\/div>\n\t\t\t\t\t\t<\/div>\n\t\t\t\t<\/div>\n\t\t\t\t<div class=\"elementor-element elementor-element-3648003 elementor-widget elementor-widget-heading\" data-id=\"3648003\" data-element_type=\"widget\" data-widget_type=\"heading.default\">\n\t\t\t\t<div class=\"elementor-widget-container\">\n\t\t\t\t\t<h2 class=\"elementor-heading-title elementor-size-default\">Die Vorteile<\/h2>\t\t\t\t<\/div>\n\t\t\t\t<\/div>\n\t\t\t\t<div class=\"elementor-element elementor-element-c91ae47 elementor-widget elementor-widget-text-editor\" data-id=\"c91ae47\" data-element_type=\"widget\" data-widget_type=\"text-editor.default\">\n\t\t\t\t<div class=\"elementor-widget-container\">\n\t\t\t\t\t\t\t\t\t<p>Die Teilnahme an move up bietet eine Vielzahl an Vorteilen, sowohl f\u00fcr Lehrlinge als auch ihre Lehrbetriebe. <br \/>Nur wer sich in seinem K\u00f6rper wohlf\u00fchlt, kann sein volles Potenzial entfalten.<\/p>\t\t\t\t\t\t\t\t<\/div>\n\t\t\t\t<\/div>\n\t\t\t\t\t<\/div>\n\t\t\t\t<\/div>\n\t\t<div class=\"elementor-element elementor-element-6dcec02 e-flex e-con-boxed e-con e-parent\" data-id=\"6dcec02\" data-element_type=\"container\">\n\t\t\t\t\t<div class=\"e-con-inner\">\n\t\t\t\t<div class=\"elementor-element elementor-element-4064dd2 elementor-widget elementor-widget-heading\" data-id=\"4064dd2\" data-element_type=\"widget\" data-widget_type=\"heading.default\">\n\t\t\t\t<div class=\"elementor-widget-container\">\n\t\t\t\t\t<h3 class=\"elementor-heading-title elementor-size-default\">Vorteile f\u00fcr Lehrlinge<\/h3>\t\t\t\t<\/div>\n\t\t\t\t<\/div>\n\t\t\t\t<div class=\"elementor-element elementor-element-bf12370 elementor-widget elementor-widget-text-editor\" data-id=\"bf12370\" data-element_type=\"widget\" data-widget_type=\"text-editor.default\">\n\t\t\t\t<div class=\"elementor-widget-container\">\n\t\t\t\t\t\t\t\t\t<p><strong>K\u00f6rperliche Gesundheit und Fitness<\/strong><br \/>Lehrlinge erhalten Zugang zu Fitnessangeboten zu attraktiven Konditionen und k\u00f6nnen ihre k\u00f6rperliche Gesundheit durch regelm\u00e4\u00dfiges Training nachhaltig verbessern. Eine starke k\u00f6rperliche Verfassung wirkt sich positiv auf Ausdauer, Beweglichkeit und Vitalit\u00e4t aus.<\/p><p><strong><br \/>Mentale St\u00e4rke und Stressbew\u00e4ltigung<\/strong><br \/>Fitness f\u00f6rdert nicht nur den K\u00f6rper, sondern auch den Geist. Durch gezieltes Training k\u00f6nnen Lehrlinge ihre mentale Widerstandsf\u00e4higkeit st\u00e4rken, Stress abbauen und ihre Konzentration sowie Probleml\u00f6sungsf\u00e4higkeiten verbessern \u2013 wichtige Eigenschaften f\u00fcr den Arbeitsalltag.<\/p><p><strong><br \/>F\u00f6rderung der Selbstdisziplin und Eigenverantwortung<\/strong><br \/>Die Teilnahme an einem regelm\u00e4\u00dfigen Fitnessprogramm st\u00e4rkt nicht nur die k\u00f6rperliche Fitness, sondern auch die Selbstdisziplin und Verantwortung der Lehrlinge f\u00fcr ihre eigene Gesundheit \u2013 F\u00e4higkeiten, die im Berufsleben und generell im Alltag von gro\u00dfem Wert sind.<\/p><p><strong><br \/>Soziale Komponente und Gemeinschaftserlebnis<\/strong><br \/>Ein weiterer wichtiger Aspekt von \u201emove up\u201c ist die soziale Dimension. Anstatt den Gro\u00dfteil ihrer Freizeit alleine zu Hause vor dem PC zu verbringen, haben Lehrlinge die M\u00f6glichkeit beim Training neue Kontakte zu kn\u00fcpfen, Freundschaften zu schlie\u00dfen und sich auszutauschen. Besonders in einer Zeit, in der junge Menschen viel Zeit digital verbringen, bietet sich so die Gelegenheit, sich pers\u00f6nlich zu begegnen und in einer gemeinsamen Aktivit\u00e4t soziale Bindungen aufzubauen.<\/p>\t\t\t\t\t\t\t\t<\/div>\n\t\t\t\t<\/div>\n\t\t\t\t<div class=\"elementor-element elementor-element-22807d7 elementor-widget-divider--view-line elementor-widget elementor-widget-divider\" data-id=\"22807d7\" data-element_type=\"widget\" data-widget_type=\"divider.default\">\n\t\t\t\t<div class=\"elementor-widget-container\">\n\t\t\t\t\t\t\t<div class=\"elementor-divider\">\n\t\t\t<span class=\"elementor-divider-separator\">\n\t\t\t\t\t\t<\/span>\n\t\t<\/div>\n\t\t\t\t\t\t<\/div>\n\t\t\t\t<\/div>\n\t\t\t\t<div class=\"elementor-element elementor-element-a117075 elementor-widget elementor-widget-heading\" data-id=\"a117075\" data-element_type=\"widget\" data-widget_type=\"heading.default\">\n\t\t\t\t<div class=\"elementor-widget-container\">\n\t\t\t\t\t<h3 class=\"elementor-heading-title elementor-size-default\">Vorteile f\u00fcr Lehrbetriebe<\/h3>\t\t\t\t<\/div>\n\t\t\t\t<\/div>\n\t\t\t\t<div class=\"elementor-element elementor-element-f569540 elementor-widget elementor-widget-text-editor\" data-id=\"f569540\" data-element_type=\"widget\" data-widget_type=\"text-editor.default\">\n\t\t\t\t<div class=\"elementor-widget-container\">\n\t\t\t\t\t\t\t\t\t<p><strong>Weniger Krankenst\u00e4nde<\/strong><br \/>Eine regelm\u00e4\u00dfige k\u00f6rperliche Aktivit\u00e4t unterst\u00fctzt das Immunsystem, reduziert das Risiko von chronischen Krankheiten und f\u00f6rdert eine schnelle Erholung. Dies f\u00fchrt zu weniger Krankheitsausf\u00e4llen und einer besseren langfristigen Gesundheit.<\/p><p><strong><br \/>Positives Betriebsklima<\/strong><br \/>Fitte und gesunde Lehrlinge tragen zu einem positiven Arbeitsumfeld bei. Sie sind nicht nur k\u00f6rperlich aktiver und leistungsf\u00e4higer, sondern auch motivierter und zufriedener, was das gesamte Betriebsklima st\u00e4rkt.<\/p><p><strong><br \/>Langfristige Karrierevorteile<\/strong><br \/>Lehrlinge, die in ihre Gesundheit investieren, legen den Grundstein f\u00fcr ein langes, gesundes Arbeitsleben. Ihre gesteigerte Leistungsf\u00e4higkeit und ihr Wohlbefinden machen sie zu wertvollen MitarbeiterInnen, die in der Zukunft besser mit den Anforderungen des Arbeitsmarktes umgehen k\u00f6nnen.<\/p>\t\t\t\t\t\t\t\t<\/div>\n\t\t\t\t<\/div>\n\t\t\t\t\t<\/div>\n\t\t\t\t<\/div>\n\t\t<div class=\"elementor-element elementor-element-97b6a76 e-flex e-con-boxed e-con e-parent\" data-id=\"97b6a76\" data-element_type=\"container\">\n\t\t\t\t\t<div class=\"e-con-inner\">\n\t\t\t\t<div class=\"elementor-element elementor-element-f61c4ba elementor-widget__width-initial e-transform elementor-widget elementor-widget-image\" data-id=\"f61c4ba\" data-element_type=\"widget\" data-settings=\"{&quot;_transform_rotateZ_effect&quot;:{&quot;unit&quot;:&quot;px&quot;,&quot;size&quot;:-90,&quot;sizes&quot;:[]},&quot;_transform_rotateZ_effect_laptop&quot;:{&quot;unit&quot;:&quot;deg&quot;,&quot;size&quot;:&quot;&quot;,&quot;sizes&quot;:[]},&quot;_transform_rotateZ_effect_tablet_extra&quot;:{&quot;unit&quot;:&quot;deg&quot;,&quot;size&quot;:&quot;&quot;,&quot;sizes&quot;:[]},&quot;_transform_rotateZ_effect_tablet&quot;:{&quot;unit&quot;:&quot;deg&quot;,&quot;size&quot;:&quot;&quot;,&quot;sizes&quot;:[]},&quot;_transform_rotateZ_effect_mobile&quot;:{&quot;unit&quot;:&quot;deg&quot;,&quot;size&quot;:&quot;&quot;,&quot;sizes&quot;:[]}}\" data-widget_type=\"image.default\">\n\t\t\t\t<div class=\"elementor-widget-container\">\n\t\t\t\t\t\t\t\t\t\t\t\t\t\t\t\t<a href=\"http:\/\/www.moveup-ooe.at\/vorteile\/#up\">\n\t\t\t\t\t\t\t<img decoding=\"async\" width=\"800\" height=\"835\" src=\"https:\/\/www.moveup-ooe.at\/wp-content\/uploads\/2024\/12\/Pfeil_Header-981x1024.webp\" class=\"attachment-large size-large wp-image-111\" alt=\"\" srcset=\"https:\/\/www.moveup-ooe.at\/wp-content\/uploads\/2024\/12\/Pfeil_Header-981x1024.webp 981w, https:\/\/www.moveup-ooe.at\/wp-content\/uploads\/2024\/12\/Pfeil_Header-288x300.webp 288w, https:\/\/www.moveup-ooe.at\/wp-content\/uploads\/2024\/12\/Pfeil_Header-768x801.webp 768w, https:\/\/www.moveup-ooe.at\/wp-content\/uploads\/2024\/12\/Pfeil_Header.webp 992w\" sizes=\"(max-width: 800px) 100vw, 800px\" \/>\t\t\t\t\t\t\t\t<\/a>\n\t\t\t\t\t\t\t\t\t\t\t\t\t\t\t<\/div>\n\t\t\t\t<\/div>\n\t\t\t\t\t<\/div>\n\t\t\t\t<\/div>\n\t\t\t\t<\/div>\n\t\t","protected":false},"excerpt":{"rendered":"<p>Die Vorteile Die Teilnahme an move up bietet eine Vielzahl an Vorteilen, sowohl f\u00fcr Lehrlinge als auch ihre Lehrbetriebe. Nur wer sich in seinem K\u00f6rper wohlf\u00fchlt, kann sein volles Potenzial entfalten. Vorteile f\u00fcr Lehrlinge K\u00f6rperliche Gesundheit und FitnessLehrlinge erhalten Zugang zu Fitnessangeboten zu attraktiven Konditionen und k\u00f6nnen ihre k\u00f6rperliche Gesundheit durch regelm\u00e4\u00dfiges Training nachhaltig verbessern. [&hellip;]<\/p>\n","protected":false},"author":1,"featured_media":0,"parent":0,"menu_order":0,"comment_status":"closed","ping_status":"closed","template":"","meta":{"footnotes":""},"class_list":["post-16","page","type-page","status-publish","hentry"],"_links":{"self":[{"href":"https:\/\/www.moveup-ooe.at\/index.php?rest_route=\/wp\/v2\/pages\/16","targetHints":{"allow":["GET"]}}],"collection":[{"href":"https:\/\/www.moveup-ooe.at\/index.php?rest_route=\/wp\/v2\/pages"}],"about":[{"href":"https:\/\/www.moveup-ooe.at\/index.php?rest_route=\/wp\/v2\/types\/page"}],"author":[{"embeddable":true,"href":"https:\/\/www.moveup-ooe.at\/index.php?rest_route=\/wp\/v2\/users\/1"}],"replies":[{"embeddable":true,"href":"https:\/\/www.moveup-ooe.at\/index.php?rest_route=%2Fwp%2Fv2%2Fcomments&post=16"}],"version-history":[{"count":0,"href":"https:\/\/www.moveup-ooe.at\/index.php?rest_route=\/wp\/v2\/pages\/16\/revisions"}],"wp:attachment":[{"href":"https:\/\/www.moveup-ooe.at\/index.php?rest_route=%2Fwp%2Fv2%2Fmedia&parent=16"}],"curies":[{"name":"wp","href":"https:\/\/api.w.org\/{rel}","templated":true}]}}